the tens digit of 5246240?
4
What is the hundred thousands digit of 14840002?
8
What is the ten thousands digit of 10496?
1
What is the tens digit of 23988344?
4
What is the thousands digit of 279311?
9
What is the hundreds digit of 119409?
4
What is the thousands digit of 171916?
1
What is the ten thousands digit of 5229933?
2
What is the ten thousands digit of 14248691?
4
What is the ten thousands digit of 46429?
4
What is the ten thousands digit of 2363733?
6
What is the thousands digit of 158020?
8
What is the tens digit of 483494?
9
What is the thousands digit of 814600?
4
What is the tens digit of 162009?
0
What is the hundred thousands digit of 567437?
5
What is the thousands digit of 249504?
9
What is the ten thousands digit of 347579?
4
What is the ten thousands digit of 3182353?
8
What is the units digit of 196126?
6
What is the thousands digit of 6339199?
9
What is the hundred thousands digit of 1390024?
3
What is the hundreds digit of 673766?
7
What is the hundred thousands digit of 346494?
3
What is the ten thousands digit of 12415?
1
What is the tens digit of 617304?
0
What is the units digit of 2798876?
6
What is the tens digit of 43607?
0
What is the thousands digit of 86952?
6
What is the tens digit of 330003?
0
What is the hundreds digit of 14692196?
1
What is the hundred thousands digit of 10304025?
3
What is the hundred thousands digit of 129854?
1
What is the units digit of 226144?
4
What is the units digit of 279781?
1
What is the hundred thousands digit of 873349?
8
What is the units digit of 9372695?
5
What is the tens digit of 9920?
2
What is the thousands digit of 6944141?
4
What is the units digit of 877646?
6
What is the millions digit of 1288410?
1
What is the hundred thousands digit of 12017528?
0
What is the hundred thousands digit of 207795?
2
What is the hundreds digit of 1483955?
9
What is the hundred thousands digit of 1302232?
3
What is the units digit of 4195010?
0
What is the hundred thousands digit of 494379?
4
What is the ten thousands digit of 16605523?
0
What is the thousands digit of 12962599?
2
What is the ten thousands digit of 13881693?
8
What is the hundred thousands digit of 3342654?
3
What is the hundreds digit of 1769968?
9
What is the millions digit of 1372158?
1
What is the tens digit of 2925074?
7
What is the thousands digit of 164115?
4
What is the tens digit of 26339?
3
What is the units digit of 20340728?
8
What is the tens digit of 2993949?
4
What is the units digit of 135777?
7
What is the thousands digit of 3551406?
1
What is the thousands digit of 14273220?
3
What is the ten thousands digit of 4426495?
2
What is the hundreds digit of 638303?
3
What is the tens digit of 165030?
3
What is the units digit of 13266632?
2
What is the hundred thousands digit of 256488?
2
What is the hundred thousands digit of 110413?
1
What is the hundred thousands digit of 306568?
3
What is the thousands digit of 77991?
7
What is the ten thousands digit of 29234739?
3
What is the hundreds digit of 198387?
3
What is the hundred thousands digit of 9585417?
5
What is the ten thousands digit of 274266?
7
What is the thousands digit of 871470?
1
What is the hundred thousands digit of 101863?
1
What is the hundred thousands digit of 909120?
9
What is the hundred thousands digit of 1125309?
1
What is the units digit of 381136?
6
What is the hundreds digit of 336009?
0
What is the units digit of 34586?
6
What is the tens digit of 244470?
7
What is the units digit of 17151754?
4
What is the thousands digit of 400120?
0
What is the thousands digit of 1006853?
6
What is the thousands digit of 1288581?
8
What is the hundreds digit of 2634923?
9
What is the ten thousands digit of 650393?
5
What is the tens digit of 2048364?
6
What is the units digit of 7523427?
7
What is the ten thousands digit of 1263676?
6
What is the thousands digit of 20178484?
8
What is the hundreds digit of 2133941?
9
What is the hundred thousands digit of 660832?
6
What is the units digit of 1266810?
0
What is the ten thousands digit of 6498070?
9
What is the units digit of 19512602?
2
What is the units digit of 813570?
0
What is the ten thousands digit of 3885011?
8
What is the hundred thousands digit of 1392947?
3
What is the thousands digit of 295534?
5
What is the hundred thousands digit of 1041267?
0
What is the thousands digit of 990247?
0
What is the units digit of 188495?
5
What is the thousands digit of 639293?
9
What is the millions digit of 1861110?
1
What is the hundreds digit of 12418531?
5
What is the tens digit of 1220639?
3
What is the ten millions digit of 45896269?
4
What is the tens digit of 946158?
5
What is the units digit of 439155?
5
What is the thousands digit of 286328?
6
What is the thousands digit of 9315066?
5
What is the hundred thousands digit of 11802424?
8
What is the thousands digit of 4211543?
1
What is the units digit of 25617?
7
What is the millions digit of 3077560?
3
What is the millions digit of 5853759?
5
What is the units digit of 1246139?
9
What is the hundred thousands digit of 11807487?
8
What is the hundreds digit of 676017?
0
What is the ten thousands digit of 2962363?
6
What is the ten thousands digit of 5699371?
9
What is the ten thousands digit of 2217292?
1
What is the hundreds digit of 7064976?
9
What is the ten thousands digit of 63068?
6
What is the units digit of 8280645?
5
What is the thousands digit of 572981?
2
What is the hundreds digit of 328255?
2
What is the thousands digit of 584414?
4
What is the tens digit of 1936464?
6
What is the thousands digit of 10105916?
5
What is the ten thousands digit of 20284?
2
What is the thousands digit of 49923?
9
What is the hundreds digit of 328680?
6
What is the millions digit of 22400809?
2
What is the thousands digit of 4188689?
8
What is the hundreds digit of 1538262?
2
What is the hundred thousands digit of 138842?
1
What is the ten thousands digit of 19615?
1
What is the tens digit of 328434?
3
What is the hundreds digit of 14079121?
1
What is the tens digit of 16054439?
3
What is the hundred thousands digit of 1102461?
1
What is the units digit of 2121576?
6
What is the units digit of 1630529?
9
What is the tens digit of 164355?
5
What is the hundreds digit of 3446583?
5
What is the tens digit of 562709?
0
What is the thousands digit of 263028?
3
What is the units digit of 137309?
9
What is the thousands digit of 54956?
4
What is the thousands digit of 228374?
8
What is the tens digit of 535502?
0
What is the thousands digit of 131573?
1
What is the tens digit of 2929658?
5
What is the units digit of 720102?
2
What is the tens digit of 472714?
1
What is the thousands digit of 758219?
8
What is the ten millions digit of 11168015?
1
What is the hundreds digit of 24137911?
9
What is the thousands digit of 48545?
8
What is the hundreds digit of 7737188?
1
What is the ten millions digit of 28103291?
2
What is the hundreds digit of 5116169?
1
What is the tens digit of 26642?
4
What is the units digit of 26719972?
2
What is the hundred thousands digit of 473275?
4
What is the units digit of 326792?
2
What is the ten thousands digit of 708919?
0
What is the tens digit of 33359846?
4
What is the units digit of 238612?
2
What is the tens digit of 235068?
6
What is the ten thousands digit of 170498?
7
What is the units digit of 5272617?
7
What is the hundred thousands digit of 2790722?
7
What is the units digit of 247842?
2
What is the hundred thousands digit of 287338?
2
What is the hundreds digit of 161630?
6
What is the ten thousands digit of 325240?
2
What is the millions digit of 1708742?
1
What is the tens digit of 1732919?
1
What is the units digit of 11416477?
7
What is the thousands digit of 92204?
2
What is the millions digit of 9542851?
9
What is the tens digit of 4278227?
2
What is the hundred thousands digit of 2112086?
1
What is the ten millions digit of 12960023?
1
What is the hundreds digit of 350472?
4
What is the thousands digit of 7857745?
7
What is the ten thousands digit of 16341553?
4
What is the tens digit of 8038040?
4
What is the ten thousands digit of 742122?
4
What is the hundreds digit of 3851011?
0
What is the hundreds digit of 2600558?
5
What is the tens digit of 424528?
2
What is the ten thousands digit of 95185?
9
Wha